e ten millions digit of 312990955?
1
What is the ten millions digit of 338518814?
3
What is the thousands digit of 571215258?
5
What is the hundred millions digit of 283246740?
2
What is the millions digit of 915839387?
5
What is the hundreds digit of 328623637?
6
What is the tens digit of 39508822?
2
What is the thousands digit of 42566709?
6
What is the hundreds digit of 243317673?
6
What is the billions digit of 2359967852?
2
What is the hundred thousands digit of 2130491775?
4
What is the ten millions digit of 175713816?
7
What is the millions digit of 105143198?
5
What is the tens digit of 69669502?
0
What is the ten millions digit of 53943863?
5
What is the ten thousands digit of 22455684?
5
What is the ten millions digit of 1690429887?
9
What is the units digit of 387469294?
4
What is the hundreds digit of 500191881?
8
What is the ten thousands digit of 51215904?
1
What is the hundreds digit of 222209433?
4
What is the millions digit of 90365024?
0
What is the millions digit of 997561044?
7
What is the tens digit of 69685970?
7
What is the thousands digit of 198355774?
5
What is the ten millions digit of 874814329?
7
What is the millions digit of 25797286?
5
What is the ten millions digit of 35780897?
3
What is the hundreds digit of 195313734?
7
What is the hundred millions digit of 517291353?
5
What is the units digit of 120143257?
7
What is the ten millions digit of 1259870123?
5
What is the ten thousands digit of 17154205?
5
What is the hundred thousands digit of 46823727?
8
What is the hundred millions digit of 629375970?
6
What is the billions digit of 1492759365?
1
What is the millions digit of 68509923?
8
What is the tens digit of 2755335440?
4
What is the hundred thousands digit of 255441680?
4
What is the ten millions digit of 109639605?
0
What is the tens digit of 703872038?
3
What is the billions digit of 1677439038?
1
What is the millions digit of 53389459?
3
What is the tens digit of 615800284?
8
What is the hundred millions digit of 437302256?
4
What is the millions digit of 905036164?
5
What is the millions digit of 179747729?
9
What is the tens digit of 233350591?
9
What is the tens digit of 1856473499?
9
What is the ten thousands digit of 552863624?
6
What is the tens digit of 6087693893?
9
What is the ten thousands digit of 57838446?
3
What is the hundred thousands digit of 470232?
4
What is the ten millions digit of 39893808?
3
What is the thousands digit of 619186544?
6
What is the ten thousands digit of 1414359719?
5
What is the hundred thousands digit of 1690644339?
6
What is the hundreds digit of 4669762599?
5
What is the hundred millions digit of 236190406?
2
What is the hundreds digit of 7726893618?
6
What is the tens digit of 164685776?
7
What is the billions digit of 3874846601?
3
What is the thousands digit of 16874755?
4
What is the millions digit of 32464801?
2
What is the tens digit of 174125860?
6
What is the units digit of 33973695?
5
What is the hundred thousands digit of 15858050?
8
What is the hundred millions digit of 2730128056?
7
What is the millions digit of 257443684?
7
What is the hundred millions digit of 2765876053?
7
What is the billions digit of 3347427297?
3
What is the thousands digit of 49548496?
8
What is the ten millions digit of 55634837?
5
What is the ten millions digit of 8440611106?
4
What is the ten millions digit of 38807923?
3
What is the ten millions digit of 275726451?
7
What is the millions digit of 5666119065?
6
What is the units digit of 46643729?
9
What is the hundred thousands digit of 1637766719?
7
What is the thousands digit of 139155332?
5
What is the tens digit of 1603454118?
1
What is the billions digit of 1803239763?
1
What is the tens digit of 1391515229?
2
What is the hundreds digit of 616552016?
0
What is the tens digit of 220930236?
3
What is the hundreds digit of 821135990?
9
What is the millions digit of 792889044?
2
What is the hundred thousands digit of 102741395?
7
What is the thousands digit of 59687897?
7
What is the ten millions digit of 3260778758?
6
What is the ten thousands digit of 287578180?
7
What is the hundred thousands digit of 346422620?
4
What is the hundred millions digit of 6127651141?
1
What is the hundred thousands digit of 38417674?
4
What is the units digit of 130716766?
6
What is the units digit of 730187243?
3
What is the tens digit of 151270622?
2
What is the billions digit of 1440474940?
1
What is the millions digit of 80387208?
0
What is the hundred millions digit of 4442810924?
4
What is the ten thousands digit of 35375272?
7
What is the hundreds digit of 129340123?
1
What is the hundred millions digit of 1998921237?
9
What is the units digit of 458034989?
9
What is the hundreds digit of 13395916?
9
What is the millions digit of 34749256?
4
What is the hundred thousands digit of 2897701126?
7
What is the hundreds digit of 3443367884?
8
What is the millions digit of 382673899?
2
What is the thousands digit of 137677836?
7
What is the millions digit of 380019259?
0
What is the tens digit of 3341400522?
2
What is the tens digit of 384166710?
1
What is the units digit of 1883145205?
5
What is the millions digit of 122991601?
2
What is the thousands digit of 48906620?
6
What is the thousands digit of 113247293?
7
What is the units digit of 116611357?
7
What is the thousands digit of 9863530167?
0
What is the tens digit of 2008017929?
2
What is the hundred millions digit of 149136350?
1
What is the billions digit of 4547207309?
4
What is the ten millions digit of 47315965?
4
What is the hundreds digit of 13654521?
5
What is the hundreds digit of 694280102?
1
What is the hundred millions digit of 187109717?
1
What is the ten millions digit of 3599145220?
9
What is the billions digit of 3592242200?
3
What is the hundreds digit of 1278101875?
8
What is the tens digit of 88627666?
6
What is the ten thousands digit of 49272588?
7
What is the ten thousands digit of 348223336?
2
What is the hundred thousands digit of 606548096?
5
What is the thousands digit of 1301162403?
2
What is the hundreds digit of 23581793?
7
What is the millions digit of 54692347?
4
What is the billions digit of 1651154126?
1
What is the ten millions digit of 158405267?
5
What is the hundred thousands digit of 65862535?
8
What is the tens digit of 35333847?
4
What is the ten thousands digit of 45845435?
4
What is the hundred millions digit of 1729934609?
7
What is the hundreds digit of 211351157?
1
What is the millions digit of 220537902?
0
What is the ten millions digit of 690880358?
9
What is the millions digit of 58262864?
8
What is the hundreds digit of 59790990?
9
What is the hundred millions digit of 140663137?
1
What is the units digit of 34233446?
6
What is the hundreds digit of 378124989?
9
What is the ten millions digit of 704904560?
0
What is the billions digit of 3785217996?
3
What is the millions digit of 1054233198?
4
What is the thousands digit of 344878197?
8
What is the ten thousands digit of 96716503?
1
What is the hundreds digit of 56135224?
2
What is the units digit of 995032656?
6
What is the hundred thousands digit of 53629712?
6
What is the ten thousands digit of 41906894?
0
What is the hundred thousands digit of 52225592?
2
What is the millions digit of 3170821?
3
What is the tens digit of 609362614?
1
What is the billions digit of 1863982957?
1
What is the thousands digit of 74859294?
9
What is the units digit of 248433592?
2
What is the millions digit of 1317035780?
7
What is the hundred thousands digit of 102215944?
2
What is the hundred thousands digit of 130331521?
3
What is the tens digit of 8937884?
8
What is the hundreds digit of 587019271?
2
What is the hundred millions digit of 7741040183?
7
What is the thousands digit of 35958638?
8
What is the billions digit of 4609725499?
4
What is the ten thousands digit of 454423666?
2
What is the ten millions digit of 429504304?
2
What is the hundreds digit of 379867809?
8
What is the units digit of 3681248999?
9
What is the units digit of 1595780768?
8
What is the millions digit of 3103931942?
3
What is the ten millions digit of 4830648102?
3
What is the units digit of 40505623?
3
What is the hundreds digit of 56289876?
8
What is the ten thousands digit of 13371385?
7
What is the hundreds digi